7?
96
What is the remainder when 314 is divided by 204?
110
What is the remainder when 11 is divided by 9?
2
What is the remainder when 149 is divided by 11?
6
What is the remainder when 6929 is divided by 11?
10
Calculate the remainder when 318 is divided by 103.
9
What is the remainder when 42 is divided by 4?
2
What is the remainder when 304 is divided by 51?
49
What is the remainder when 348 is divided by 127?
94
What is the remainder when 2840 is divided by 708?
8
Calculate the remainder when 806 is divided by 55.
36
Calculate the remainder when 53 is divided by 46.
7
What is the remainder when 588 is divided by 20?
8
What is the remainder when 4357 is divided by 1?
0
What is the remainder when 718 is divided by 38?
34
Calculate the remainder when 96 is divided by 36.
24
What is the remainder when 32100 is divided by 27?
24
What is the remainder when 1281 is divided by 35?
21
What is the remainder when 36 is divided by 19?
17
Calculate the remainder when 1427 is divided by 62.
1
What is the remainder when 454 is divided by 29?
19
Calculate the remainder when 701 is divided by 19.
17
Calculate the remainder when 865 is divided by 75.
40
What is the remainder when 1441 is divided by 34?
13
What is the remainder when 286 is divided by 42?
34
Calculate the remainder when 36 is divided by 8.
4
Calculate the remainder when 4723 is divided by 55.
48
What is the remainder when 95 is divided by 11?
7
Calculate the remainder when 1775 is divided by 74.
73
What is the remainder when 114 is divided by 64?
50
What is the remainder when 2093 is divided by 43?
29
Calculate the remainder when 118 is divided by 62.
56
What is the remainder when 133 is divided by 34?
31
What is the remainder when 212 is divided by 57?
41
Calculate the remainder when 597 is divided by 400.
197
Calculate the remainder when 710 is divided by 55.
50
Calculate the remainder when 84 is divided by 21.
0
Calculate the remainder when 26 is divided by 9.
8
What is the remainder when 112 is divided by 47?
18
What is the remainder when 92 is divided by 47?
45
Calculate the remainder when 3530 is divided by 19.
15
What is the remainder when 196 is divided by 26?
14
What is the remainder when 3641 is divided by 140?
1
What is the remainder when 24 is divided by 6?
0
Calculate the remainder when 243 is divided by 203.
40
Calculate the remainder when 2088 is divided by 17.
14
Calculate the remainder when 456 is divided by 21.
15
Calculate the remainder when 45 is divided by 33.
12
What is the remainder when 129 is divided by 102?
27
What is the remainder when 267 is divided by 25?
17
What is the remainder when 96 is divided by 77?
19
Calculate the remainder when 132 is divided by 22.
0
Calculate the remainder when 189 is divided by 46.
5
Calculate the remainder when 120 is divided by 40.
0
Calculate the remainder when 18558 is divided by 40.
38
Calculate the remainder when 637 is divided by 16.
13
What is the remainder when 1738 is divided by 579?
1
What is the remainder when 120 is divided by 109?
11
What is the remainder when 50 is divided by 20?
10
What is the remainder when 1035 is divided by 223?
143
What is the remainder when 651 is divided by 207?
30
What is the remainder when 286 is divided by 48?
46
What is the remainder when 22 is divided by 9?
4
What is the remainder when 562 is divided by 274?
14
What is the remainder when 1787 is divided by 194?
41
Calculate the remainder when 31976 is divided by 271.
269
Calculate the remainder when 693 is divided by 116.
113
Calculate the remainder when 332 is divided by 21.
17
Calculate the remainder when 2446 is divided by 50.
46
What is the remainder when 265 is divided by 65?
5
What is the remainder when 41 is divided by 7?
6
Calculate the remainder when 1831 is divided by 313.
266
Calculate the remainder when 263 is divided by 22.
21
What is the remainder when 444 is divided by 85?
19
What is the remainder when 1184 is divided by 70?
64
What is the remainder when 111 is divided by 33?
12
Calculate the remainder when 789 is divided by 21.
12
Calculate the remainder when 477 is divided by 147.
36
Calculate the remainder when 73 is divided by 41.
32
What is the remainder when 656 is divided by 83?
75
What is the remainder when 264 is divided by 12?
0
Calculate the remainder when 30 is divided by 3.
0
What is the remainder when 1240 is divided by 1234?
6
Calculate the remainder when 121 is divided by 42.
37
What is the remainder when 5135 is divided by 12?
11
What is the remainder when 1427 is divided by 34?
33
Calculate the remainder when 38 is divided by 28.
10
What is the remainder when 386 is divided by 42?
8
What is the remainder when 447 is divided by 12?
3
Calculate the remainder when 2416 is divided by 41.
38
Calculate the remainder when 694 is divided by 228.
10
Calculate the remainder when 310 is divided by 4.
2
Calculate the remainder when 2700 is divided by 14.
12
What is the remainder when 62 is divided by 30?
2
What is the remainder when 654 is divided by 75?
54
Calculate the remainder when 4418 is divided by 1471.
5
Calculate the remainder when 3440 is divided by 687.
5
Calculate the remainder when 446 is divided by 89.
1
Calculate the remainder when 424 is divided by 146.
132
What is the remainder when 5857 is divided by 1169?
12
What is the remainder when 254 is divided by 8?
6
What is the remainder when 1669 is divided by 76?
73
What is the remainder when 496 is divided by 199?
98
What is the remainder when 69 is divided by 11?
3
Calculate the remainder when 257 is divided by 122.
13
What is the remainder when 89 is divided by 13?
11
What is the remainder when 271 is divided by 169?
102
Calculate the remainder when 172 is divided by 35.
32
Calculate the remainder when 464 is divided by 152.
8
Calculate the remainder when 52 is divided by 12.
4
Calculate the remainder when 376 is divided by 171.
34
Calculate the remainder when 3115 is divided by 39.
34
Calculate the remainder when 2218 is divided by 21.
13
What is the remainder when 22571 is divided by 99?
98
What is the remainder when 101 is divided by 9?
2
Calculate the remainder when 699 is divided by 35.
34
Calculate the remainder when 1655 is divided by 46.
45
What is the remainder when 133 is divided by 68?
65
What is the remainder when 59 is divided by 12?
11
What is the remainder when 347 is divided by 169?
9
Calculate the remainder when 296 is divided by 105.
86
Calculate the remainder when 2090 is divided by 9.
2
Calculate the remainder when 238 is divided by 67.
37
Calculate the remainder when 323 is divided by 55.
48
What is the remainder when 135 is divided by 66?
3
Calculate the remainder when 736 is divided by 106.
100
What is the remainder when 83 is divided by 8?
3
Calculate the remainder when 322 is divided by 10.
2
Calculate the remainder when 146 is divided by 21.
20
Calculate the remainder when 235 is divided by 8.
3
Calculate the remainder when 671 is divided by 112.
111
Calculate the remainder when 54 is divided by 8.
6
What is the remainder when 13789 is divided by 8?
5
What is the remainder when 2178 is divided by 167?
7
What is the remainder when 581 is divided by 48?
5
What is the remainder when 1217 is divided by 51?
44
Calculate the remainder when 48 is divided by 18.
12
Calculate the remainder when 852 is divided by 107.
103
Calculate the remainder when 517 is divided by 38.
23
What is the remainder when 506 is divided by 39?
38
Calculate the remainder when 72 is divided by 10.
2
What is the remainder when 408 is divided by 185?
38
What is the remainder when 446 is divided by 27?
14
What is the remainder when 287 is divided by 148?
139
What is the remainder when 191 is divided by 16?
15
Calculate the remainder when 1781 is divided by 94.
89
Calculate the remainder when 111 is divided by 19.
16
What is the remainder when 40 is divided by 26?
14
Calculate the remainder when 2496 is divided by 620.
16
What is the remainder when 224 is divided by 73?
5
What is the remainder when 130 is divided by 56?
18
Calculate the remainder when 1069 is divided by 21.
19
Calculate the remainder when 524 is divided by 270.
254
Calculate the remainder when 584 is divided by 6.
2
Calculate the remainder when 393 is divided by 81.
69
What is the remainder when